 be g(3). Suppose -4*m + m = -4*j + 19, 0 = j + m + 4. What is the highest common divisor of j and z?
1
Suppose -3*v - 18 = -222. What is the highest common divisor of v and 17?
17
Let w be 110/4*16/5. Suppose 3*m = -16 + w. Let u(h) = h**2 - 4*h - 1. Let a be u(5). Calculate the highest common divisor of a and m.
4
Suppose 3*v - 8*v + 230 = 0. Calculate the highest common factor of v and 115.
23
Let d(l) = 10*l**3 + l**2 - l. Let p be d(1). Suppose 4*m - 30 = 10. What is the greatest common divisor of m and p?
10
Let z(k) = 3*k**2 - k + 6. Let u be z(-3). Suppose 2*h - 10 = 8. What is the greatest common divisor of u and h?
9
Suppose -4*g + 2*g = -2*w - 18, 3*g - 37 = 5*w. Calculate the highest common divisor of 12 and g.
4
Let q be (-2 - -4)*(-33)/(-2). What is the greatest common divisor of 3 and q?
3
Let v be (-10)/(-4) + 2/4. Let q(z) be the second derivative of 11*z**3/3 + 2*z**2 - 4*z. Let m be q(v). What is the highest common divisor of m and 14?
14
Let p = 7 - 57. Let j = p - -110. Calculate the highest common divisor of j and 15.
15
Let f = -30 + 38. Calculate the greatest common factor of 80 and f.
8
Suppose 4*f - 71 = -7. Calculate the greatest common divisor of f and 16.
16
Let p = 114 - 236. Let s = 174 + p. Let w = -26 + s. What is the highest common divisor of w and 39?
13
Suppose 7 = 3*c - 14. Calculate the highest common divisor of 49 and c.
7
Let n = -142 + 232. Calculate the highest common divisor of 18 and n.
18
Suppose -358 = -17*b + 50. Calculate the highest common divisor of 24 and b.
24
Suppose 42 = 5*j - 33. Let n be (-8)/(-36) + 86/18. Calculate the highest common divisor of n and j.
5
Let c be 6/12*(-3 + -1). Let d be 6*(-1)/c - -173. Let h(x) = x**2 + 3*x - 2. Let v be h(3). Calculate the highest common factor of d and v.
16
Let u = 11 - 3. Let s be -10*(4 + (-48)/20). Let f = s - -17. Calculate the highest common divisor of u and f.
1
Let l = -1 + 9. Calculate the highest common factor of 4 and l.
4
Let y(f) = -f**3 + 4*f**2 + 8*f - 7. Let k be y(5). What is the greatest common divisor of k and 4?
4
Let i be (48 - -2)*(-3)/(-2). Suppose -14 = 5*a - 89. What is the highest common factor of i and a?
15
Let v be 0 + 0/1 + -1. Let u(h) = -23*h + 1. Let f be u(v). Suppose -2*i = -3*s + 24, 0*s + 5*i = 2*s - 16. Calculate the highest common factor of f and s.
8
Suppose -5*p + 5*d + 8 + 577 = 0, -2*p + 5*d = -228. Calculate the greatest common divisor of p and 17.
17
Let g be 898/10 + 8/40. What is the highest common divisor of 36 and g?
18
Let b = -27 - -42. Let h(q) be the second derivative of q**5/5 + q**4/6 - q**3/6 - q. Let n be h(1). Calculate the greatest common factor of n and b.
5
Suppose -u = -5*u + 5*z + 700, -u = -2*z - 172. What is the highest common factor of 20 and u?
20
Suppose -2*s = 5*b - 10, -2 + 4 = b - 4*s. What is the greatest common divisor of b and 8?
2
Suppose -j - 2*j = -114. Suppose -4*z + 6 = -14. Suppose -z*v + 48 = -g, -3*v + j = g + 14. What is the highest common divisor of 9 and v?
9
Suppose -11 = 3*l - 44. Let m be (-2)/4 + (-89)/(-2). Suppose -3*f = f - m. What is the greatest common divisor of l and f?
11
Suppose -5*o - 4*p + 2*p + 47 = 0, -5*p = -5*o + 75. What is the greatest common factor of o and 11?
11
Suppose 0 = -7*x + 6*x + 3. Suppose 0 = -4*m - x*v - 4 + 45, -5*v = -m + 16. What is the greatest common divisor of 88 and m?
11
Suppose 2*y - 32 = -3*j, j + 24 = 3*j + 4*y. Let s = j + 0. What is the greatest common divisor of 10 and s?
10
Suppose 2*l - 6 = l. Let c be (-8)/36 - (-34)/(-9). Let i be ((-8)/(-3))/(c/(-18)). What is the highest common factor of i and l?
6
Suppose 0 = 5*z - 4*u - 106, 4*u + 32 = 3*z - 38. Let l be 1/(-4) + (-9)/12. Let d be 1 + (z - 1/l). Calculate the greatest common factor of d and 5.
5
Let z(r) = 7*r + 29. Let a be z(10). What is the highest common factor of a and 11?
11
Let d be 4/12*-1*-3. What is the greatest common factor of 9 and d?
1
Let i(o) = -o**2 - o. Let k be i(3). Let b be (9/12)/((-1)/k). What is the greatest common factor of 72 and b?
9
Let c be 4*(-36)/(-8) + (2 - 5). What is the highest common divisor of c and 105?
15
Let y be ((-7)/2)/((-8)/48). Calculate the greatest common factor of 3 and y.
3
Let k = 75 + -49. What is the greatest common factor of k and 65?
13
Let m = 74 + -35. Let t = 89 + m. Calculate the highest common divisor of 16 and t.
16
Let o be -1*4*(-2 + 6). Let g = o + 23. Suppose -g = -3*t - 4*m, 6*t = t - 2*m + 35. Calculate the greatest common divisor of 9 and t.
9
Let v(r) = 8*r - 6. Let o be (-21)/(-28)*(-16)/(-6). Let j be v(o). Let z = -35 + 55. Calculate the highest common factor of j and z.
10
Let r be (-1)/2*(2 + -2). Suppose 9 = n - r*n. What is the greatest common divisor of 18 and n?
9
Let o = 230 + -149. Let t(b) = -b**3 + b**2 + b + 9. Let m be t(0). What is the greatest common factor of m and o?
9
Let v(p) = p**3 + 6*p**2 - 8*p - 2. Let x be v(-7). Suppose 5 = x*h - 0*h. Calculate the greatest common divisor of h and 7.
1
Suppose -3*q - 5*f + 15 - 239 = 0, 4*q - 2*f = -290. Let n = 145 + q. What is the highest common divisor of 9 and n?
9
Suppose 0 = -2*m + 9 + 1. Suppose -m*r = -2*v - 550, r = 5*r - 5*v - 440. What is the highest common factor of r and 10?
10
Let k = -5 - 6. Let q = 41 - 16. Let y = k + q. Calculate the highest common factor of y and 14.
14
Let w be -3*21/27*-3. Suppose 3*s = w*s - 40. What is the greatest common factor of 50 and s?
10
Suppose u = j, 41 - 13 = 4*j + 3*u. Suppose 0 = -2*w + j*f - 10, 3*w - 7 = -2*f + 18. Suppose 4*c - c = 30. What is the highest common factor of w and c?
5
Suppose 4*x + 0*x = 4. Suppose a - 2*a + 3 = -z, 3*a + x = z. Let n be ((-11)/a)/((-1)/(-6)). What is the greatest common factor of 22 and n?
11
Let l(h) = 5*h**2 + 5*h - 2. Let q be l(-3). Suppose -m = -q - 2. What is the greatest common factor of m and 12?
6
Let b be (-8)/6*(-24 + 4 + -4). What is the highest common factor of 16 and b?
16
Suppose 3*d - u - 195 + 510 = 0, 5*d + 514 = -2*u. Let k be -1 + 1*-98*-2. Let y = k + d. Calculate the highest common factor of y and 13.
13
Let l be (-1)/(-9)*3*-9. Let y be l/(-2 + -1)*3. Suppose -y*u = u - 20. What is the greatest common divisor of u and 15?
5
Let y = 5 + -11. Let k = y + 24. Let g = 53 + -26. Calculate the highest common divisor of g and k.
9
Let l = 33 + -29. What is the greatest common divisor of l and 32?
4
Let o(x) = -x**2. Let k(d) = -3*d + 8. Let g(a) = k(a) - 2*o(a). Let w be g(4). What is the greatest common divisor of 196 and w?
28
Let s = -8 + 32. Calculate the highest common factor of 6 and s.
6
Let c be 4/(-10) - 86/10. Let f be (-70)/(-6) + (-3)/c. Suppose 3*q - 54 = -f. What is the greatest common factor of 28 and q?
14
Let c(d) = d**3 - 1. Let q(u) = 7*u**3 - 3*u**2 - 2*u - 3. Let g(b) = -4*c(b) + q(b). Let s be g(3). Calculate the greatest common factor of 7 and s.
7
Suppose 1 - 13 = -2*h + 2*r, -h + 4*r = 9. Let g(q) = 4*q**2 + q + 4. Let i be g(-5). What is the highest common factor of h and i?
11
Let g(l) = 3*l**2 - 4*l + 4. Let x be 28/6 + 2/(-3). Let p be g(x). Calculate the greatest common factor of p and 12.
12
Let r be 36 + 5 + -3 - 2. Calculate the highest common factor of r and 9.
9
Let f(p) = p. Let h be f(-5). Let r be 2/h + (-74)/(-10). Calculate the greatest common divisor of 49 and r.
7
Suppose 3*y - 4 = 3*v + 5, -4*y = -3*v - 8. Let z be 2*(6 - (-2)/y). Calculate the highest common factor of z and 8.
8
Suppose 12*t = 600 - 60. Calculate the highest common factor of 18 and t.
9
Suppose 7*t - 4*t + 6 = 0. Let b be t/(-5) + 86/10. Suppose m + 36 = 3*m. Calculate the highest common divisor of m and b.
9
Let a = -5 + 15. Let k be 24/(-3)*(-5)/1. Calculate the highest common divisor of k and a.
10
Suppose -2*j - 8 = -6*j. Suppose -4*n - 4*v = -1204, -5*n + 1473 = -2*v - v. Suppose -j*s + 5*s = n. What is the greatest common divisor of 9 and s?
9
Let a(j) = -j**3 - 13*j**2 + 10*j - 34. Let n be a(-14). Calculate the greatest common factor of n and 33.
11
Let z(v) = 154*v**2 + v. Let k be z(-1). What is the greatest common factor of k and 17?
17
Suppose 0 = 5*w - 3*x - 211, -w - 3*w - 4*x + 188 = 0. What is the greatest common divisor of w and 77?
11
Suppose -1 = -2*l - h, -4*h - 26 = -2*l - 0*h. Let n be l/5 - (-6